 2580749
What are the prime factors of 66120?
2, 3, 5, 19, 29
What are the prime factors of 51156?
2, 3, 7, 29
List the prime factors of 1063739.
1063739
List the prime factors of 1043557.
1043557
What are the prime factors of 5541445?
5, 7, 13, 19, 641
List the prime factors of 894855.
3, 5, 13, 353
What are the prime factors of 16715242?
2, 8357621
What are the prime factors of 11790228?
2, 3, 277, 3547
List the prime factors of 3185283.
3, 107, 9923
List the prime factors of 226327.
89, 2543
What are the prime factors of 36583?
36583
List the prime factors of 114258.
2, 3, 137, 139
List the prime factors of 6976790.
2, 5, 751, 929
List the prime factors of 6991883.
2089, 3347
List the prime factors of 19451.
53, 367
List the prime factors of 983068.
2, 179, 1373
List the prime factors of 212125.
5, 1697
What are the prime factors of 17085328?
2, 13, 82141
List the prime factors of 10773707.
7, 431, 3571
List the prime factors of 62223.
3, 7, 2963
List the prime factors of 6671621.
11, 617, 983
What are the prime factors of 5836007?
5836007
What are the prime factors of 678094?
2, 31, 10937
List the prime factors of 162611.
162611
List the prime factors of 6151392.
2, 3, 13, 31, 53
List the prime factors of 6537642.
2, 3, 197, 5531
List the prime factors of 16827048.
2, 3, 7, 31, 359
List the prime factors of 150163.
13, 11551
List the prime factors of 527854.
2, 263927
List the prime factors of 717679.
717679
What are the prime factors of 3796054?
2, 1898027
List the prime factors of 398059.
398059
List the prime factors of 36796826.
2, 11, 23, 601
What are the prime factors of 12968594?
2, 6484297
List the prime factors of 5815055.
5, 1163011
List the prime factors of 245813.
401, 613
What are the prime factors of 1097299?
7, 17, 9221
What are the prime factors of 586972?
2, 146743
List the prime factors of 409516.
2, 37, 2767
What are the prime factors of 3210046?
2, 7, 37, 6197
What are the prime factors of 950552?
2, 118819
What are the prime factors of 423443?
59, 7177
List the prime factors of 4047818.
2, 593, 3413
What are the prime factors of 103444?
2, 11, 2351
What are the prime factors of 4630545?
3, 5, 17, 6053
List the prime factors of 318281.
318281
List the prime factors of 19035858.
2, 3, 23, 137941
List the prime factors of 444883.
444883
List the prime factors of 777678.
2, 3, 11, 11783
List the prime factors of 99322.
2, 53, 937
List the prime factors of 1670078.
2, 835039
What are the prime factors of 8937380?
2, 5, 89, 5021
List the prime factors of 2290098.
2, 3, 239, 1597
What are the prime factors of 287162?
2, 67, 2143
List the prime factors of 794714.
2, 397357
List the prime factors of 9247280.
2, 5, 7, 337
List the prime factors of 9779621.
257, 38053
What are the prime factors of 30086031?
3, 10028677
List the prime factors of 17408683.
17408683
List the prime factors of 252685.
5, 97, 521
What are the prime factors of 114799?
114799
What are the prime factors of 409947?
3, 136649
What are the prime factors of 7784475?
3, 5, 271, 383
What are the prime factors of 7297546?
2, 79, 46187
What are the prime factors of 9023716?
2, 13, 97, 1789
What are the prime factors of 20682161?
4129, 5009
List the prime factors of 5702469.
3, 251, 7573
What are the prime factors of 7451074?
2, 1399, 2663
What are the prime factors of 6614216?
2, 7, 47, 359
What are the prime factors of 164555?
5, 32911
List the prime factors of 159920.
2, 5, 1999
List the prime factors of 3578638.
2, 7, 255617
List the prime factors of 1728.
2, 3
List the prime factors of 109175.
5, 11, 397
What are the prime factors of 263367?
3, 13, 2251
List the prime factors of 487440.
2, 3, 5, 677
What are the prime factors of 289819?
31, 9349
What are the prime factors of 3882321?
3, 431369
What are the prime factors of 177008?
2, 13, 23, 37
List the prime factors of 642237.
3, 97, 2207
List the prime factors of 1453440.
2, 3, 5, 757
List the prime factors of 1456592.
2, 59, 1543
What are the prime factors of 3695265?
3, 5, 7, 11731
List the prime factors of 76542.
2, 3, 12757
List the prime factors of 257113.
37, 6949
List the prime factors of 2029285.
5, 405857
List the prime factors of 10667244.
2, 3, 7, 29, 151
What are the prime factors of 1787889?
3, 595963
What are the prime factors of 26014424?
2, 3251803
What are the prime factors of 153664?
2, 7
List the prime factors of 94196.
2, 23549
List the prime factors of 19513048.
2, 41, 1451
What are the prime factors of 729938?
2, 11, 33179
What are the prime factors of 5108699?
97, 52667
List the prime factors of 6572961.
3, 31, 7853
List the prime factors of 538574.
2, 19, 14173
What are the prime factors of 3534909?
3, 7, 139, 173
What are the prime factors of 429180?
2, 3, 5, 23, 311
What are the prime factors of 19973658?
2, 3, 97, 34319
List the prime factors of 409479.
3, 7, 17, 31, 37
List the prime factors of 152720.
2, 5, 23, 83
List the prime factors of 86754.
2, 3, 19, 761
What are the prime factors of 3745339?
13, 61, 4723
List the prime factors of 230949.
3, 67, 383
List the prime factors of 566.
2, 283
What are the prime factors of 498214?
2, 249107
List the prime factors of 4316893.
7, 23, 26813
List the prime factors of 487955.
5, 13, 7507
What are the prime factors of 2801282?
2, 11, 127331
List the prime factors of 1768809.
3, 7, 84229
List the prime factors of 833655.
3, 5, 149, 373
List the prime factors of 3317823.
3, 368647
What are the prime factors of 1215070?
2, 5, 121507
List the prime factors of 1447211.
19, 59, 1291
What are the prime factors of 320079?
3, 106693
What are the prime factors of 1639638?
2, 3, 7, 11, 13
List the prime factors of 7559.
7559
List the prime factors of 357644.
2, 7, 53, 241
What are the prime factors of 11977132?
2, 71, 181, 233
List the prime factors of 16764409.
263, 63743
List the prime factors of 15879398.
2, 61, 73, 1783
What are the prime factors of 446366?
2, 53, 4211
List the prime factors of 70618.
2, 17, 31, 67
What are the prime factors of 683356?
2, 29, 43, 137
What are the prime factors of 387059?
53, 67, 109
What are the prime factors of 24801474?
2, 3, 41, 2459
What are the prime factors of 13455991?
71, 79, 2399
What are the prime factors of 3452941?
113, 30557
What are the prime factors of 474084?
2, 3, 13, 1013
What are the prime factors of 1012834?
2, 506417
What are the prime factors of 1656038?
2, 17, 53, 919
List the prime factors of 626114.
2, 37, 8461
What are the prime factors of 16809516?
2, 3, 229, 2039
What are the prime factors of 898678?
2, 11, 40849
What are the prime factors of 903079?
903079
What are the prime factors of 275574?
2, 3, 13, 3533
List the prime factors of 89984.
2, 19, 37
What are the prime factors of 11320169?
7, 71, 22777
List the prime factors of 367606.
2, 41, 4483
List the prime factors of 2428993.
7, 353, 983
List the prime factors of 9547577.
13, 734429
What are the prime factors of 3596733?
3, 7, 37, 1543
What are the prime factors of 347889?
3, 115963
List the prime factors of 21807.
3, 2423
What are the prime factors of 1003100?
2, 5, 7, 1433
List the prime factors of 20972140.
2, 5, 7, 59, 2539
What are the prime factors of 4552987?
347, 13121
What are the prime factors of 15636235?
5, 73, 42839
List the prime factors of 17953391.
17953391
List the prime factors of 6152155.
5, 23, 61, 877
What are the prime factors of 3135823?
83, 37781
List the prime factors of 5795192.
2, 13, 103, 541
List the prime factors of 1949918.
2, 974959
List the prime factors of 200715.
3, 5, 13381
What are the prime factors of 8206168?
2, 773, 1327
What are the prime factors of 12079219?
1289, 9371
List the prime factors of 9784830.
2, 3, 5, 11, 149, 199
List the prime factors of 2710785.
3, 5, 7, 11, 2347
What are the prime factors of 1392826?
2, 696413
What are the prime factors of 5046559?
7, 14713
List the prime factors of 2751063.
3, 7, 269, 487
What are the prime factors of 14344444?
2, 29, 31, 3989
List the prime factors of 3798130.
2, 5, 7, 29, 1871
What are the prime factors of 5498887?
5498887
What are the prime factors of 2187332?
2, 7, 191, 409
List the prime factors of 417103.
173, 2411
What are the prime factors of 11107923?
3, 293, 12637
What are the prime factors of 286505?
5, 57301
What are 